 s(k) = -6*k - 49. Suppose 8*d = 4*d + 12. Let w(u) = d*s(u) - 7*m(u). What are the prime factors of w(-5)?
2, 3
Let y = 5191 + 813. What are the prime factors of y?
2, 19, 79
Let n = -307 + 309. Suppose 1238 = n*c + 512. List the prime factors of c.
3, 11
Let c(q) = q**3 + 28*q**2 - 2*q - 47. Let g be c(-28). Suppose -5*f - 1092 = -g*f. What are the prime factors of f?
3, 7, 13
Let w be -82 + -3 + (3 - 4). Let p = -31 - w. Let f = 150 - p. What are the prime factors of f?
5, 19
Let p = 9 - 3. Let t be p/(1 - -1) - (-66 + 59). Suppose h = 106 - t. List the prime factors of h.
2, 3
Let w(o) = 7*o**2 - 11*o - 26. Let m be (4 + (-63)/12)/(1/4). What are the prime factors of w(m)?
2, 3, 17
Let v(a) = 5*a + 19. Let c = 97 + -92. Suppose c*l - 88 = -2*g, -27 + 116 = 5*l + g. What are the prime factors of v(l)?
109
Let k(g) be the third derivative of 23*g**5/60 + g**4/12 + 11*g**3/6 - 36*g**2. List the prime factors of k(4).
3, 43
Suppose 0 = -2*o - 0*o + 20. What are the prime factors of 16405/51 + o/(-6)?
2, 5
Let m = -31 + 6. Let y = 10 + m. Let a = 134 + y. What are the prime factors of a?
7, 17
Suppose 46872 = 2*u + 12*u. Suppose -13*j = -19*j + u. What are the prime factors of j?
2, 3, 31
Let f(a) = -208*a**3 + 4*a**2 + 37*a + 155. List the prime factors of f(-4).
3, 1487
Let y(b) = 726*b**2 + 8*b + 1. Suppose 0 = -0*o + o - 1. Let f be y(o). Suppose 5*u - 1211 = -5*s + 2*s, -3*u + f = -s. What are the prime factors of u?
2, 61
Let p = -25028 + 35061. What are the prime factors of p?
79, 127
List the prime factors of 7/((-245)/10) - 213414/(-42).
5081
Suppose -4*x + 28 = 4*i, -2*x - 11 = 2*i - 5*x. Let r be i + 16/20*5. Suppose 88 = k - p, -347 = -r*k + 2*k + 5*p. What are the prime factors of k?
3, 31
Suppose 78*z - 57500 = 68*z. List the prime factors of z.
2, 5, 23
Let n = -636 - -238. Let m = -111 - n. List the prime factors of m.
7, 41
Suppose 2*f - 383 = 559. Let o = f - 283. Suppose 0 = -7*l + 11*l - o. What are the prime factors of l?
47
Suppose 10*u = -14*u - 2664. Let k = 316 + u. List the prime factors of k.
5, 41
Let o(z) = -z**3 + 23*z**2 + 17*z - 37. List the prime factors of o(-12).
4799
Let l(b) = -4*b**2 - 9*b + 38. Let k be l(-9). List the prime factors of (-3 + 2 - -2)/((-1)/k).
5, 41
Let n = 4189 - 4168. List the prime factors of n.
3, 7
Let m(j) = -12*j + 66. Let h(f) = f. Let g(t) = -9*h(t) + m(t). What are the prime factors of g(-41)?
3, 103
Suppose -192 = -r - y, -210 = -r + y + 4*y. Let t be (-338)/3 + 370/555. Let d = t + r. What are the prime factors of d?
83
Let n be -1 + 1 - (5 + 7)/6. Let j be 76/12 + n + 3/(-9). Suppose j*h = 9*h - 735. List the prime factors of h.
3, 7
Suppose -9*o + 15*o - 2118 = 0. Suppose 0 = -3*q + 430 + o. List the prime factors of q.
3, 29
Suppose -2264*u - 178404 - 269461 = -2281*u. What are the prime factors of u?
5, 11, 479
Suppose 52*c = 20*c + 263358 + 421890. List the prime factors of c.
2, 3, 43, 83
Suppose 7*b - 28238 - 2058 = 0. What are the prime factors of b?
2, 541
Suppose s = -2*a - 132, 2*a - 4*s + 2*s = -126. Let q = 79 + a. Suppose -22 = 12*t - q*t. List the prime factors of t.
11
Let b = 92 + -3. Suppose -2*j = s - b - 140, -5*j + 565 = -5*s. List the prime factors of j.
2, 3, 19
Let i = -98876 - -139944. What are the prime factors of i?
2, 10267
Let p be -4*((-18)/4)/3. Suppose -5*c + 71 = -4*c - 4*s, 0 = 5*s - 5. What are the prime factors of -3*4/p + c?
73
Let i = 853 + -323. Let y be 3/(-18) - (i/(-12) - -1). Suppose y = r - 30. List the prime factors of r.
73
Suppose 2*b + 5*i + 11 + 3 = 0, -7 = -b + i. Suppose -k + 7*d - 8*d = -374, b*k + 4*d - 1120 = 0. What are the prime factors of k?
2, 47
Suppose -22*b + 117 = -9*b. Suppose 0 = 4*s - 4*i - 588, 6*i = s + b*i - 127. List the prime factors of s.
2, 71
Suppose -f - 1000 = -73. Let n = f - -1833. What are the prime factors of n?
2, 3, 151
Let g = -60 + 74. Let o(c) = c**3 - 5*c**2 - 27*c - 24. List the prime factors of o(g).
2, 3, 227
Suppose q + 327 = 480 + 759. What are the prime factors of q?
2, 3, 19
Let o(u) = 5*u**2 - 4*u + 3. Suppose -4*k + 0*j + 7 = j, 4*k - 5*j - 13 = 0. Suppose 0 = k*t + 2*t - 16, 3*b = 2*t + 4. List the prime factors of o(b).
67
Let x(w) = -w**2 + 12*w - 2. Let l be x(8). Suppose y + l = 4*m, 2*m - 14 - 8 = -3*y. List the prime factors of m.
2
Suppose -54*p + 84*p = -71*p + 2869612. What are the prime factors of p?
2, 7103
Let f be -14 - (-4 - (5 - 5)). List the prime factors of (-2)/f - 2428*(-5)/50.
3
Let u be (-493)/(-203) + (-3)/7. Suppose 24850 = 27*y - u*y. What are the prime factors of y?
2, 7, 71
Suppose -2*y + 54*u + 76861 = 57*u, -5*u - 76917 = -2*y. List the prime factors of y.
13, 2957
Suppose -253*g + 940 = -252*g. Suppose 2*d - 1264 = 2*k + g, 5*k = -d + 1102. List the prime factors of d.
2, 19, 29
Suppose 0*j - 48 + 42 = -2*j. Let p(w) = 194*w**2 + 2*w - 1. Let h be p(1). List the prime factors of 12/20*h/j.
3, 13
Suppose -4639 - 3793 = -2*s. List the prime factors of s.
2, 17, 31
Let a = 101 + -98. Suppose a*j - 820 = 512. List the prime factors of j.
2, 3, 37
Let t = -15628 - -28004. What are the prime factors of t?
2, 7, 13, 17
Let w = 3200 + 17263. List the prime factors of w.
3, 19, 359
Suppose -n = 5*n - 636. Suppose -s + n = -50. Suppose -4*z = -3*z - s. List the prime factors of z.
2, 3, 13
Let y be 3/12 - (-65395)/20. Suppose 3*b = 3*k + 1989, -2*b - 4*k = 3*b - y. What are the prime factors of b?
2, 7, 47
Let y(w) = -20*w - 44*w + 15*w - 15 - 55*w. Let o be y(-3). Suppose -2*g = -o + 11. What are the prime factors of g?
11, 13
What are the prime factors of (-59604)/(-36) + 5 - ((-3)/9 + 0)?
11, 151
List the prime factors of ((-1)/(-4))/((208/401984)/13).
11, 571
Suppose 0 = -5*y + 5*w - 41 - 409, 3*y + 282 = -w. Let u = y - -207. List the prime factors of u.
2, 3, 19
Let m be (-12)/10 + 1 - 580652/(-85). Suppose -4*n = 5*n - m. List the prime factors of n.
3, 11, 23
What are the prime factors of 36/(-24) - 387954/(-28)?
2, 3, 2309
Let p be (-6 + 208/39)*(-9858)/(-4). Let z = -1052 - p. What are the prime factors of z?
3, 197
Let n = 14 - 22. Let h be 2 - 5 - n*1. What are the prime factors of h/(20/(-8)) + 88?
2, 43
Let t(c) = 2*c**2 + 12*c + 5. Let j(z) = 16*z**2 + 2*z**3 - 10 + 17*z - 5*z**3 + 2*z**3. Let o be j(17). What are the prime factors of t(o)?
5, 17
Suppose -14 = -2*s - 8. Suppose -s*m - 4*z + 301 = -0*z, -4*z = -m + 127. Suppose m*h = 103*h + 416. What are the prime factors of h?
2, 13
Suppose -5*c = 3*o - 0*c - 851, 0 = 4*o - 3*c - 1183. Let s = -222 + o. List the prime factors of s.
2, 5, 7
Suppose 16*j = 2*j - 1078. Let h = 79 + j. Suppose d + 0*d + 377 = h*m, -935 = -5*m - 5*d. List the prime factors of m.
2, 47
Let i = 29967 - -13674. What are the prime factors of i?
3, 13, 373
Let n = 1628 - -5955. What are the prime factors of n?
7583
Let j(k) = -1018*k - 52. List the prime factors of j(-1).
2, 3, 7, 23
Suppose 3*w - 5*i - 3932 = 0, -4*w + 47*i + 5240 = 43*i. What are the prime factors of w?
7, 11, 17
Let z(t) = 7*t**2 - 12*t + 14. Let d(y) = 8*y**2 + 2*y + 2. Let c be d(-1). What are the prime factors of z(c)?
2, 3, 61
Let y(j) = -900*j - 539. What are the prime factors of y(-3)?
2161
Suppose -34213 = -2*a + f, -8*a + 2*f = -5*a - 51316. List the prime factors of a.
2, 5, 29, 59
Suppose 17*y - 23*y = -4152. Suppose -26*p = -25*p - y. List the prime factors of p.
2, 173
Let p(q) = -3*q**3 + 2*q**2 - 9*q - 8. Let b be p(-5). Let x = b + -45. Suppose 5*u - x = -2*s, 0 = -4*s - 27 + 11. List the prime factors of u.
5, 17
Let m = 5980 - -29678. List the prime factors of m.
2, 3, 7, 283
Let b = -112427 - -192252. List the prime factors of b.
5, 31, 103
Suppose 3*q - 89 - 393 = -2*w, -w + 228 = -5*q. Suppose -w*p + 7128 = -226*p. List the prime factors of p.
2, 3, 11
Suppose 5*n - 2*k - 17 = -k, -3*k = -5*n + 21. Let b be 2/(n + (-95)/24 + 1). Let w = b - 28. What are the prime factors of w?
2, 5
Suppose 0 = -8*b - 11*b + 95. Suppose -p + b - 3 = 0. Suppose 0 = 3*u - p*u - 6. List the prime factors of u.
2, 3
Let f(h) = -h**3 - 10*h**2 + 15*h - 10. Let v be f(-11). Let d = v - -51. List the prime factors of (0 + (-604)/8)*(1 + d).
151
Let m be (11/2)/((-2)/(-4)). Suppose 8*d + 777 = m*d. Suppose 3*k + 417 = 3*f, -3*k - d = -5*f + 440. List the prim